 of q and i?
8
Let h(t) = 48*t - 50. Let m be h(7). What is the greatest common factor of m and 66?
22
Suppose 0 = a + 4*a. Suppose a*h - 5*g + 42 = 3*h, -2*g = 0. Let w = -4 + h. Calculate the greatest common divisor of 4 and w.
2
Let n(r) = -38*r + 1. Let z be n(-1). Suppose -z = 3*a - 0*f - 3*f, -2*a - 38 = 2*f. Let u = -14 - a. Calculate the greatest common factor of 14 and u.
2
Let w(i) = 4*i**2 - 11*i + 14. Let n be w(5). Calculate the greatest common divisor of n and 1711.
59
Suppose 0 = 3*c + c + 16. Let d be (42/c)/((-4)/8). Let w = -5 + 12. What is the greatest common factor of w and d?
7
Let d be (-34)/(3 - (-10)/(-2)). What is the highest common divisor of 17 and d?
17
Let p = -551 + 591. What is the highest common divisor of p and 32?
8
Let g = 1932 + -1396. Calculate the highest common divisor of 32 and g.
8
Let s(c) = -c**2 + c + 1. Let d(n) = -n**2 + 17*n + 2. Let v(h) = -d(h) + 2*s(h). Let g be v(-14). What is the greatest common divisor of 112 and g?
14
Suppose 2*k - 6*k + 168 = q, -2*q = -2*k - 316. Let m = q - 105. What is the greatest common factor of m and 11?
11
Suppose 2*w + 0*w - 98 = 0. Suppose 3*g + 789 = 4*f - 975, 0 = -2*f + 2*g + 882. What is the greatest common factor of f and w?
49
Let n(h) be the third derivative of -109*h**4/24 + 7*h**3/3 + 6*h**2. Let u be n(-6). Let v be u/14 + 18/63. Calculate the greatest common divisor of 72 and v.
24
Suppose 7*l - 32*l + 1625 = 0. What is the greatest common factor of l and 455?
65
Suppose 9*x - 4415 = -59. Calculate the greatest common factor of x and 132.
44
Let a = -36 + 52. Let v(n) = n**2 - 7. Let k be v(0). Let b(i) = i**3 + 7*i**2 - 7*i - 9. Let z be b(k). Calculate the highest common factor of a and z.
8
Let k be (-381)/(-4) + 1/(-4). Let u be 8/12 - (7/(-3) - -1). Let r be (-95)/30*(-8 + u). Calculate the highest common factor of r and k.
19
Let y be (2/(-4))/((-29)/3770). Suppose 0 = m - 10 - 16. Calculate the greatest common divisor of y and m.
13
Let r(n) = -42*n - 1. Let c be r(-1). Let q = 125 - c. Let x = -317 - -329. What is the highest common divisor of x and q?
12
Let n(z) = z**3 - 13*z**2 + 30*z - 21. Let i be n(12). Calculate the highest common factor of 30 and i.
15
Let l = 10 - 7. Let g(s) = 3*s + l*s + s + 3 - 5*s. Let u be g(5). Calculate the greatest common factor of 143 and u.
13
Let a(s) = -s**3 + 18*s**2 + 7*s + 42. Let m be a(18). What is the highest common factor of m and 112?
56
Suppose -r - 620 = -5*r. Let v(n) = -n**3 + 7*n**2 - 2*n + 7. Let d be v(6). What is the greatest common divisor of d and r?
31
Suppose 4*h - 2*t - 14 = h, 5*h + t - 6 = 0. Let i be 13/(-5) - (3 + (-65)/25). Let f be 1 - -2 - (2 + i + 3). Calculate the greatest common factor of f and h.
1
Let k be 2/2*11*21. Let t = -1288 - -1321. What is the greatest common divisor of k and t?
33
Suppose -3*x + 5*x + 337 = -3*p, 0 = -3*x + 2*p - 512. Let y = 242 + x. Calculate the greatest common factor of 9 and y.
9
Let p = -30 + 42. Let c = 13 - 9. Suppose 7*n - 252 = c*n. Calculate the highest common factor of p and n.
12
Let i = 423 + -415. What is the highest common factor of 16 and i?
8
Let v be (2/7)/(3/(-504)*-12). Let d(o) be the second derivative of -o**3/6 - o. Let n be d(-4). What is the greatest common factor of n and v?
4
Suppose 4*p - 128 = q, 58*p = 59*p - q - 35. Calculate the highest common factor of p and 5.
1
Suppose -8*s = -253 - 219. What is the greatest common divisor of 354 and s?
59
Suppose 88 + 48 = 4*z - 4*y, 0 = y. Let j = 89 - z. What is the highest common factor of 22 and j?
11
Suppose 4*v + 14 = -2, -4 = 4*i + 5*v. Calculate the highest common divisor of 52 and i.
4
Let o(d) = 40*d**3 - 119*d**3 - 3 - 4*d**2 - 6*d + 37*d**3 + 39*d**3. Let z be o(-2). Calculate the greatest common factor of 187 and z.
17
Let g = -71 + 1499. Calculate the highest common factor of 136 and g.
68
Let r(a) = a**2 - 5*a + 9. Let y be r(5). Let g(b) = b**3 - 9*b**2 + 5*b - 13. Let m be g(y). What is the highest common divisor of m and 288?
32
Suppose 0 = 19*n - 16*n - 51. What is the highest common factor of 629 and n?
17
Let v be 6/(-8) - 2025/(-12). Suppose -4*u = -x - v, u - 3*x = -2*x + 42. Suppose 15*m = 5*m + 280. Calculate the greatest common divisor of m and u.
14
Let t(l) = 6*l - 9 - 6 - 2*l + 6. Let x(y) = -9*y + 19. Let v(n) = -7*t(n) - 3*x(n). Let b be v(0). What is the greatest common factor of b and 30?
6
Let k be 52/1 - (-36 - -44). Let o(s) = -s**3 - 4*s**2 + s + 2. Let w be o(-5). Calculate the greatest common divisor of w and k.
22
Let f be (-1 - (-15)/10)*(0 - -28). Suppose 6 - 4 = 2*l. Let h = 3 - l. What is the highest common factor of f and h?
2
Suppose -4*o - 576 = -4*a, 0 = 5*a + o - 792 + 72. Calculate the greatest common divisor of 162 and a.
18
Let c = -27 + 163. Calculate the greatest common factor of 204 and c.
68
Let z = 0 - -2. Suppose -3*j - 31 = -z*b - 101, j - 26 = -2*b. Let w(l) = -4*l**2 - 44*l + 8. Let d be w(-11). What is the highest common divisor of j and d?
8
Let b be 35 + 4/(-8)*14. Calculate the highest common divisor of 14 and b.
14
Suppose -2*l = 2*f + 2 - 0, 0 = -2*f + 5*l + 5. Suppose f*w + 3 = w. What is the greatest common factor of 27 and w?
3
Let z = 6 - 5. Let c = -16 + 21. Suppose 0 = -4*g - 8, -4*j + 20 = -c*g - 2. Calculate the highest common divisor of j and z.
1
Let r = -724 + 790. Let v(n) = 6*n**2 - 3*n - 1. Let z be v(3). What is the highest common divisor of r and z?
22
Let z(x) = 38*x - 4. Let a be z(2). Suppose 4*m = -5*n + 540, -3*m - 443 - 97 = -5*n. What is the greatest common divisor of n and a?
36
Let l be 20012/18 + -1 - (-354)/1593. What is the highest common factor of 101 and l?
101
Let z = -1508 + 2156. Calculate the greatest common factor of z and 16.
8
Let n(s) be the second derivative of -s**4/12 - 3*s**3 + 7*s**2/2 - 19*s. Let v = -32 - -19. Let b be n(v). What is the highest common divisor of 9 and b?
9
Suppose 72 = 5*y - 93. Suppose -3*k = -63 - y. What is the highest common divisor of k and 4?
4
Suppose 0 = -0*j - j - 14. Let y = j - -17. Let v be (-2)/2*(y - 6). Calculate the highest common factor of v and 6.
3
Suppose 4 = -22*u + 70. What is the highest common factor of 27 and u?
3
Let q(i) = 2*i - 2. Let a be q(4). Suppose -24 = 3*f - a*f. Suppose -b = -v - 9, 2*v - 9 - f = -5*b. Calculate the greatest common factor of 20 and b.
5
Let c be -2*(4/(-2) - 2). Suppose -d - 4 = -0*m + 4*m, 0 = 2*d + 3*m + c. Let i be (3 - 3) + d + 180. What is the greatest common factor of 22 and i?
22
Let q(z) = -19*z - 1. Let m be q(4). Let r = m + 109. What is the greatest common divisor of r and 288?
32
Let f = -2 + -24. Let s be f/(-7) + 8/28. Suppose 10*r - s*v = 5*r + 68, r - 18 = 3*v. What is the greatest common factor of 84 and r?
12
Let q = 209 + -174. Calculate the highest common factor of q and 14.
7
Let c = -10 + 12. Let v(f) = 16*f - 2. Let g be v(c). Suppose -2*b - 2*b = 2*y - g, 0 = -5*b + 4*y + 18. What is the highest common factor of b and 18?
6
Let x be (-3)/((-27)/(-12)) + 2002/21. What is the greatest common divisor of x and 470?
94
Let i(z) = -z**2 + 7*z - 6. Let r be i(7). Let m be (-105)/10*4/r. Let b = 43 + 13. Calculate the highest common divisor of b and m.
7
Let a(x) = x**3 - 32*x**2 - 102*x + 70. Let t be a(35). What is the highest common divisor of t and 70?
35
Let s = 101 + -85. What is the greatest common divisor of 976 and s?
16
Suppose 21 = 2*x - 9. Suppose 2*u - 180 = 28*q - 31*q, -540 = -6*u - q. Calculate the highest common factor of x and u.
15
Suppose -440 = -215*v + 210*v. Calculate the greatest common factor of 66 and v.
22
Let l be 4/3*18/12. Suppose -2*i - l*i = 80. Let n be (-54)/(-7) - i/70. Calculate the greatest common factor of n and 4.
4
Suppose -9*t + 88 + 272 = 0. Calculate the greatest common factor of 70 and t.
10
Let y = -550 + 589. What is the greatest common factor of y and 156?
39
Let p = 197 + -78. Let o be (5 - 27/5)/((-4)/170). Calculate the greatest common factor of o and p.
17
Let d be 14*-1*6/(-7). Let f be (-5526)/(-66) - 21/(-77). Calculate the highest common factor of d and f.
12
Let k be (-9)/15*((-31)/3 - -2). Let r(l) = -4*l + 3*l**3 + 4 - 4*l**3 + 5*l**2 + l**2. Let g be r(k). What is the greatest common factor of 99 and g?
9
Suppose 5*g + 5*s